ppose 0 = -2*s + 5*s - 2478. Let g = -555 + s. Suppose g = 5*t - z - 17, -t + z + 60 = 0. List the prime factors of t.
3, 19
Suppose 8*a + 64 = 10*a. Suppose 2*r + a = 6*r. Let n = 1 + r. What are the prime factors of n?
3
Suppose 10*b - 11121 = 10219. List the prime factors of b.
2, 11, 97
Let z(o) = -3*o + 6. Let j = -1 + 5. Suppose 0 = j*p - 3*f + 21, -2*p = -0*p - 2*f + 8. What are the prime factors of z(p)?
3, 11
Suppose 175 = 4*z - 3*v, 0 = 3*z - 2*v - 2*v - 140. Suppose -z = -o + 5*o. Let n = 1 - o. List the prime factors of n.
11
Suppose -24 - 1 = 4*b + 5*l, -5*l = -4*b + 25. Suppose -2*k = -b*k. Suppose 4*p - 15 = 3*w + 24, -2*w - 2 = k. List the prime factors of p.
3
Let u be (-50)/(-5)*1/2. Suppose 2*f + 5*i + u = -14, 0 = f - 2*i - 13. What are the prime factors of f?
3
Let z = 22 + -19. Suppose 0 = -0*d - z*d - 4*a + 157, 5*d - 251 = 4*a. What are the prime factors of d?
3, 17
Suppose 0 = -40*b + 112246 - 9886. What are the prime factors of b?
3, 853
Let m be 33/2*(-14)/(-21). Suppose -k = x - m, k - 46 = -5*x + 29. Let h(y) = -y**3 + 15*y**2 + 19*y - 15. List the prime factors of h(x).
3, 11
Let m = -14 + 39. Suppose 4*l + l = m. What are the prime factors of l?
5
Suppose -2*u = -4*u. Suppose u*x - 17 = -x. Let v = 36 - x. What are the prime factors of v?
19
Let b = 1637 - -2959. List the prime factors of b.
2, 3, 383
Suppose -1940 = n - 4*n - 4*u, -4*n - 2*u = -2590. Suppose -9*k + 13*k = n. List the prime factors of k.
2, 3
Let w(r) = -r - 17. Let l be w(-20). Suppose -5*y = l*o - 282 - 61, 0 = -4*o + 3*y + 467. List the prime factors of o.
2, 29
Let q(r) = 22*r - 3. Suppose -h + 9 - 8 = 0. Let v be q(h). Let u = v + 3. What are the prime factors of u?
2, 11
Let d = 10279 + -6960. What are the prime factors of d?
3319
Let f = 898 + -78. What are the prime factors of f?
2, 5, 41
Let g = 130 - -324. What are the prime factors of g?
2, 227
Let o(z) be the third derivative of -z**6/120 - z**5/60 + 9*z**3/2 + 26*z**2 - 1. Let n = -1 - -1. What are the prime factors of o(n)?
3
Suppose -7 = -10*f + 2183. List the prime factors of f.
3, 73
Let z(m) be the third derivative of m**5/20 - 7*m**4/24 + m**3/3 + 10*m**2. What are the prime factors of z(5)?
2, 3, 7
Suppose 452 - 104 = 5*h - 4*w, 225 = 3*h + 3*w. Suppose 4*b - h = -l - l, -5*l + 54 = 3*b. Let i = b + 20. List the prime factors of i.
2, 19
What are the prime factors of (-16)/4 - 106*-1?
2, 3, 17
List the prime factors of 2/11 + (-7014)/(-22).
11, 29
List the prime factors of (-214)/(-8)*(-6 + 30).
2, 3, 107
List the prime factors of (-4)/((-60)/55)*96.
2, 11
Let g = -112 - -161. Suppose 4*o - 177 = -2*r + g, -r - o = -108. What are the prime factors of r?
103
Let b = -20 - -22. Suppose -b*s = -g - 5*s + 46, -5*g + 4*s + 135 = 0. What are the prime factors of g?
31
Let b(q) = -2*q**2 + 18*q - 8. Let l be b(10). List the prime factors of 49/2 + 14/l.
2, 3
Suppose 101 = 2*h - 19. Let d = -12 + h. What are the prime factors of d?
2, 3
Suppose 4 = 2*f - f. Let d(q) = -q. Let w(b) = -b**2 - 2. Let s(o) = f*d(o) - w(o). What are the prime factors of s(5)?
7
Let x(d) = d**3 - 10*d**2 - d + 28. What are the prime factors of x(10)?
2, 3
Let d be (0 + -2)/(6/(-9)). Suppose 0 = -d*j + 264 + 117. Suppose -4*h + 118 = 2*l, -3*l + 0*l = -4*h - j. What are the prime factors of l?
7
Suppose -2*g + 0 = -6. Suppose 0 = k - g, -2*s + k - 69 = -5*s. Let j = s + 40. List the prime factors of j.
2, 31
Suppose 7*o - 2*u = 8*o - 1551, -5*u + 3097 = 2*o. What are the prime factors of o?
7, 223
Let v be (-15)/(-10)*(-6)/(-9). Let c be 5/v + -2 + -3. Suppose -3*x = -c*x - 60. What are the prime factors of x?
2, 5
Let l(g) = g**3 - g**2 + 2. Let n be l(4). Suppose -2*b + 22 = -n. List the prime factors of b.
2, 3
Let n(t) be the first derivative of 11*t**2 + t - 6. Let y be (-5)/(-7) - (-4)/14. List the prime factors of n(y).
23
Let l(k) = k**3 + 11*k**2 - 13*k + 12. Suppose 3*u + 2*g - 14 = 4*u, g - 25 = 2*u. Let j be l(u). Let m = j - 16. What are the prime factors of m?
2
Let m = 46 + -189. Let x = m - -270. What are the prime factors of x?
127
Let u(l) be the first derivative of l**2/2 + l - 4. Let n be u(4). Suppose n = 4*z + 3*t, -25 = -4*z - t + 2*t. List the prime factors of z.
5
Let q = 10 + -6. Suppose -5*p + 4*p = 0. Suppose -4*n - q = p, -5*v + 0*n + 183 = 2*n. What are the prime factors of v?
37
Let f = 17 - 57. Let c = f + 56. What are the prime factors of c?
2
Let o(j) = -j**2 - 15*j + 19. Let m be o(-16). Let q(s) = 4*s**3 + 4*s**2 - 3*s - 2. What are the prime factors of q(m)?
7, 19
Suppose r - c - 3 = 0, 4*r + r + 2*c + 6 = 0. What are the prime factors of (93 - r)*(30/18 - 1)?
2, 31
Suppose -5*d + 3*k + 12 = 2*k, 0 = 4*d - 5*k + 3. Suppose -3*y = d*y - 240. List the prime factors of y.
2, 5
Suppose 4*t - 2*w - 7660 = 2*w, 0 = -3*t + 2*w + 5744. List the prime factors of t.
2, 3, 11, 29
Suppose -y + 2*y + 8 = 2*g, 0 = 5*g - 2*y - 18. What are the prime factors of (g - (-6 - -3))/((-5)/(-95))?
5, 19
Let p = -40 - -227. Let j = p - 79. What are the prime factors of j?
2, 3
Suppose 4*o = -3*v + 1, 2*v + 2*o = 3*v - 17. Let x(w) = 11*w + 4. What are the prime factors of x(v)?
3
List the prime factors of (8/(-6))/((-4)/13584*4).
2, 283
Let h(b) = 26*b**2 + 2*b - 25. What are the prime factors of h(5)?
5, 127
Let s(t) = t**2 - 7*t + 7. Suppose -o + 4 + 11 = 0. List the prime factors of s(o).
127
List the prime factors of 339/(9*(-4)/(-48)).
2, 113
Suppose -1947 = -2*i + o, 0*i = -i - o + 972. List the prime factors of i.
7, 139
Let q be (1 - 7)*-1*-1. Let y(k) = -26*k + 5. Let t be y(q). Suppose -31 = -4*z + t. List the prime factors of z.
2, 3
Let w(o) = 10*o**3 + 2*o**2 - 5*o + 2. Let l be w(3). Suppose -41 = -2*x - 4*m + 145, -3*x - 5*m = -l. What are the prime factors of x?
5, 17
Suppose y - 2*g = -0*y - 80, -4*y - 4*g = 332. Suppose -36*x = -52*x - 1840. Let q = y - x. List the prime factors of q.
3, 11
Let u = -133 - -145. List the prime factors of u.
2, 3
Let y(a) = -a**2 + 18*a - 13. Suppose 2*x - 4*j - 34 = 0, j - 30 + 7 = -4*x. List the prime factors of y(x).
2
Suppose 0 = -10*s + 17*s - 511. What are the prime factors of s?
73
Let w(z) be the first derivative of 134*z**3/3 - 3*z**2/2 + 2*z + 10. Let v be w(1). Let m = -69 + v. List the prime factors of m.
2
Suppose 30*j - 123813 - 3567 = 0. What are the prime factors of j?
2, 11, 193
Let h = -4 - -8. Let q be -1 - h/(-4) - -24. Suppose l + 2*l - q = 0. List the prime factors of l.
2
Suppose -6653 = -14*w + 1705. What are the prime factors of w?
3, 199
Let o be ((-1)/6)/((-2)/12). Let d = 10 - o. Suppose x - d = -2*x. List the prime factors of x.
3
Let q = -43 - -44. List the prime factors of (-47)/((-2)/2*q).
47
Let y(a) = a**3 + a**2 - a + 1. Let w be (1 + -1)*(-5)/15. Let k be y(w). List the prime factors of k - -11 - (1 - -1).
2, 5
Suppose -57*d + 63*d = 17532. List the prime factors of d.
2, 3, 487
Let a = -342 + 2472. What are the prime factors of a?
2, 3, 5, 71
Let q(z) = z**2 - 9 - 7 + 10 - 26*z. Let b be q(13). What are the prime factors of 5/(-15) - b/3?
2, 29
Suppose 8 = 4*q - 2*l, -1 = 4*q + 4*l + 15. Suppose q = 13*b - 5*b - 24. Suppose -h - w - 40 = -2*h, 44 = h - b*w. What are the prime factors of h?
2, 19
Let l(g) = -g**2 + 16*g - 18. Suppose -4*y + 39 + 1 = -4*w, -4*y + 2*w + 30 = 0. Suppose -3 = c - 3*x, y*x = c - 0*c + 13. List the prime factors of l(c).
2, 3, 5
Let u(c) = -2*c + 15. Let k be u(7). List the prime factors of (-6)/(k - 4) + 0.
2
Suppose 2*w = 16 - 22. What are the prime factors of 61/(((-6)/(-2 + 4))/w)?
61
Let k = -117 + 121. Suppose -3*s = -0*l - l + 155, -2*l + 350 = k*s. List the prime factors of l.
167
Let q(i) = 10*i - 11. Let c be q(6). Suppose -c = -2*r - 13. Suppose -14*p - 188 = -r*p. What are the prime factors of p?
47
Let s(u) = 2*u**2 - 2*u + 434. What are the prime factors of s(0)?
2, 7, 31
Let a be (855/(-15))/(6/4)*-2. Suppose 72*l = a*l - 1076. List the prime factors of l.
269
Suppose -11*w = 1486 - 100. Let b = 47 - w. List the prime factors of b.
173
Let u(n) = -2*n**2 - 7*n + 5. Let o be u(-3). List the prime factors of o/(-3)*1*(-3294)/72.
2, 61
Let p(u) be the second derivative of u**3/2 - 7*u**2 - 2*u. Let k be p(8). Let l = 41 + k. What are the prime factors of l?
3, 17
Sup